 and 1143?
127
What is the greatest common factor of 2659583 and 62?
31
Calculate the highest common factor of 46655 and 315.
35
Calculate the highest common divisor of 278817 and 4047.
213
What is the highest common divisor of 20855 and 5?
5
What is the greatest common factor of 891 and 235719?
99
Calculate the greatest common factor of 135 and 123705.
45
What is the highest common factor of 270 and 1700010?
90
Calculate the highest common factor of 17975 and 50.
25
What is the greatest common divisor of 546899 and 123?
41
Calculate the highest common divisor of 4485 and 136890.
195
Calculate the greatest common factor of 196 and 11858.
98
What is the greatest common factor of 98483 and 2079?
77
Calculate the greatest common divisor of 47056 and 2720.
272
What is the greatest common factor of 624450 and 8050?
1150
What is the highest common factor of 26 and 15119?
13
Calculate the highest common factor of 5934 and 207.
69
What is the highest common factor of 253512 and 504?
504
What is the highest common divisor of 161 and 692622?
161
Calculate the highest common factor of 84 and 776.
4
Calculate the greatest common divisor of 1146381 and 393.
393
What is the highest common factor of 7388 and 396?
4
What is the greatest common divisor of 239298 and 12?
6
What is the highest common divisor of 303 and 791436?
303
What is the greatest common factor of 264800 and 7200?
800
Calculate the greatest common factor of 1255 and 23615.
5
Calculate the highest common factor of 61970 and 340.
10
Calculate the greatest common factor of 1591919 and 4105.
821
Calculate the greatest common factor of 8677 and 4.
1
Calculate the highest common divisor of 4040 and 303.
101
What is the greatest common factor of 10732 and 28?
4
What is the greatest common divisor of 302 and 311362?
302
What is the greatest common factor of 272 and 573072?
16
What is the highest common factor of 1678022 and 269?
269
Calculate the greatest common factor of 7650 and 21080.
170
Calculate the greatest common divisor of 930 and 2355.
15
What is the greatest common factor of 1046 and 1970141?
523
Calculate the highest common divisor of 1327402 and 218.
218
Calculate the highest common divisor of 385 and 540980.
55
What is the highest common factor of 1047788 and 23?
23
What is the greatest common divisor of 3147 and 9?
3
Calculate the greatest common divisor of 5442111 and 18.
9
Calculate the greatest common factor of 132 and 11140.
4
Calculate the highest common factor of 84788 and 88.
44
What is the highest common divisor of 57 and 50331?
57
Calculate the highest common factor of 833 and 115668.
119
Calculate the highest common divisor of 44760 and 264.
24
What is the highest common factor of 140 and 24332?
28
Calculate the greatest common divisor of 266 and 1407.
7
Calculate the highest common divisor of 5810 and 3735.
415
What is the greatest common factor of 208 and 36244?
52
What is the greatest common divisor of 129 and 73229?
43
Calculate the greatest common divisor of 5008 and 1565.
313
What is the highest common factor of 48528 and 144?
144
Calculate the greatest common divisor of 644045 and 2635.
85
What is the highest common divisor of 112 and 132584?
8
Calculate the greatest common divisor of 18 and 122214.
6
Calculate the greatest common factor of 4356 and 2401124.
484
Calculate the greatest common factor of 638775 and 75.
75
Calculate the highest common divisor of 203541 and 614.
307
Calculate the greatest common factor of 1258 and 41582.
34
What is the highest common divisor of 144 and 76248?
72
What is the highest common factor of 1428 and 30436?
28
What is the highest common factor of 17667 and 8229?
39
Calculate the greatest common divisor of 13035 and 231.
33
What is the greatest common factor of 7360 and 20?
20
What is the highest common factor of 407 and 26807?
11
Calculate the highest common divisor of 21726 and 10782.
18
What is the highest common divisor of 6 and 486?
6
What is the greatest common factor of 343665 and 315?
315
What is the greatest common divisor of 31710 and 690?
30
What is the greatest common factor of 22 and 33671?
11
What is the greatest common factor of 168722 and 4234?
58
What is the greatest common divisor of 176 and 9757264?
176
Calculate the highest common divisor of 30 and 153210.
30
What is the highest common divisor of 10118 and 4?
2
Calculate the highest common divisor of 61512 and 5280.
264
What is the greatest common divisor of 12376 and 346970?
442
What is the highest common factor of 84 and 113232?
84
Calculate the greatest common divisor of 312 and 45006.
78
What is the greatest common factor of 944 and 1928061?
59
Calculate the highest common factor of 355444 and 4.
4
Calculate the greatest common factor of 890 and 431116.
178
What is the highest common divisor of 2301 and 189969?
39
Calculate the greatest common factor of 20 and 282080.
20
Calculate the greatest common factor of 10928 and 25271.
683
Calculate the greatest common divisor of 3465 and 134775.
45
What is the greatest common divisor of 741 and 45279?
39
What is the highest common factor of 3969 and 17982?
81
Calculate the highest common factor of 409276 and 564.
188
What is the greatest common factor of 56202 and 58?
58
What is the highest common divisor of 148472 and 9916?
268
Calculate the highest common factor of 1465876 and 272.
68
What is the highest common factor of 2892 and 372?
12
What is the greatest common divisor of 14 and 139097?
7
Calculate the greatest common factor of 14229 and 15283.
527
Calculate the highest common divisor of 238 and 2366.
14
What is the greatest common divisor of 3 and 21313?
1
Calculate the highest common divisor of 7380 and 160.
20
What is the highest common divisor of 18630 and 78?
6
What is the highest common factor of 48 and 204112?
16
Calculate the highest common factor of 45776 and 256.
16
Calculate the greatest common factor of 16677 and 7194.
327
Calculate the highest common factor of 4382 and 10094.
14
Calculate the highest common factor of 68128 and 40451.
2129
Calculate the highest common divisor of 59995 and 676.
169
What is the greatest common divisor of 1436996 and 22?
22
What is the highest common factor of 371 and 1477?
7
Calculate the greatest common factor of 7103159 and 161.
161
What is the greatest common divisor of 527 and 48416?
17
Calculate the greatest common divisor of 1457 and 4183.
47
Calculate the highest common factor of 139168 and 80.
16
What is the highest common divisor of 423 and 153?
9
Calculate the greatest common divisor of 815 and 9943.
163
What is the greatest common factor of 3871 and 114513?
49
Calculate the greatest common divisor of 8201 and 118.
59
Calculate the highest common divisor of 36681 and 3.
3
What is the highest common divisor of 32076 and 4?
4
Calculate the highest common divisor of 31 and 9643.
1
Calculate the greatest common divisor of 1394 and 6800.
34
Calculate the highest common factor of 801 and 27857.
89
What is the greatest common divisor of 250 and 18790?
10
Calculate the highest common factor of 12888 and 396.
36
Calculate the greatest common divisor of 150 and 1244550.
150
What is the greatest common divisor of 8 and 2887?
1
Calculate the greatest common factor of 648 and 81972.
324
Calculate the greatest common factor of 3726 and 759138.
138
Calculate the highest common factor of 220 and 257290.
110
What is the highest common factor of 125537 and 47?
47
What is the highest common factor of 90696 and 96?
24
What is the highest common divisor of 10144 and 32?
32
What is the highest common divisor of 16779 and 77973?
987
What is the greatest common divisor of 12016 and 125417?
751
Calculate the highest common factor of 23500 and 10500.
500
What is the highest common divisor of 4280037 and 59?
59
Calculate the highest common factor of 88869 and 22.
11
What is the greatest common factor of 1950840 and 360?
360
What is the greatest common divisor of 1425 and 8400?
75
What is the greatest common factor of 28 and 1398292?
28
What is the greatest common factor of 6 and 13686?
6
What is the highest common divisor of 2000 and 11125?
125
Calculate the highest common factor of 134532 and 10656.
1332
What is the greatest common factor of 13 and 724789?
13
Calculate the greate